 108 and 1328886.
54
Calculate the highest common factor of 87752 and 56.
56
Calculate the highest common factor of 87715 and 530.
265
Calculate the greatest common divisor of 512 and 13148.
4
Calculate the greatest common divisor of 6853639 and 26.
13
What is the greatest common factor of 18 and 4689?
9
What is the highest common factor of 51 and 6816?
3
What is the highest common divisor of 288 and 32553?
9
Calculate the greatest common factor of 395 and 487667.
79
Calculate the greatest common divisor of 351 and 10634.
13
What is the highest common factor of 26214 and 1428?
102
Calculate the greatest common divisor of 24 and 36588.
12
What is the greatest common factor of 1706229 and 53?
53
Calculate the greatest common factor of 27842 and 48.
2
What is the greatest common factor of 5776 and 16264?
152
What is the highest common divisor of 4683 and 799232?
1561
What is the highest common divisor of 65 and 102479?
13
What is the highest common divisor of 42050 and 116?
58
What is the highest common factor of 167724 and 6?
6
What is the greatest common divisor of 7348 and 52772?
668
What is the highest common factor of 117898 and 253?
253
What is the greatest common divisor of 5474 and 73255?
161
What is the greatest common divisor of 7918 and 20128?
74
What is the greatest common factor of 152226 and 1998?
54
Calculate the highest common factor of 2716 and 2464.
28
What is the greatest common divisor of 19178 and 6913?
223
Calculate the greatest common divisor of 5797055 and 5.
5
What is the highest common divisor of 558 and 198?
18
Calculate the greatest common divisor of 3132 and 39852.
108
What is the highest common factor of 23484 and 1482?
114
What is the greatest common divisor of 66600 and 48?
24
Calculate the highest common factor of 55 and 1123485.
55
What is the greatest common factor of 11 and 8503?
11
Calculate the highest common factor of 7439 and 1557.
173
What is the highest common factor of 7742 and 395?
79
What is the greatest common factor of 1025 and 125?
25
Calculate the highest common factor of 33819 and 57.
3
Calculate the highest common factor of 426 and 175796.
142
Calculate the highest common factor of 6729001 and 211.
211
What is the highest common factor of 30 and 9939?
3
What is the greatest common divisor of 684 and 146604?
228
What is the highest common factor of 656676 and 306?
306
Calculate the highest common factor of 21616 and 14.
14
Calculate the highest common factor of 75 and 17865.
15
Calculate the highest common factor of 1796 and 80371.
449
What is the highest common factor of 10397 and 3372?
281
What is the highest common factor of 59 and 309691?
59
Calculate the highest common factor of 802350 and 1450.
50
What is the highest common factor of 4376 and 352?
8
What is the greatest common divisor of 48691 and 8671?
667
What is the greatest common factor of 1460 and 104828?
292
What is the greatest common factor of 1515966 and 823?
823
Calculate the greatest common factor of 43851 and 564.
141
What is the highest common factor of 17091 and 81?
81
Calculate the highest common factor of 5232 and 5712.
48
What is the greatest common factor of 50601 and 303?
303
Calculate the greatest common factor of 77745 and 6.
3
Calculate the greatest common divisor of 51488 and 512.
32
Calculate the highest common divisor of 18 and 855216.
18
What is the highest common divisor of 121810 and 182?
26
What is the highest common factor of 1162 and 602?
14
Calculate the highest common factor of 904 and 8023.
113
Calculate the highest common divisor of 10845 and 10.
5
What is the greatest common divisor of 175 and 25575?
25
Calculate the greatest common divisor of 7967 and 6603.
31
Calculate the greatest common factor of 389033 and 6219.
691
Calculate the highest common factor of 379523 and 569.
569
What is the greatest common factor of 808 and 1187356?
404
What is the greatest common divisor of 179864 and 184?
8
What is the highest common divisor of 14940 and 505?
5
Calculate the greatest common divisor of 135 and 903945.
15
What is the highest common divisor of 351 and 51103?
13
What is the highest common factor of 620 and 2646532?
124
What is the greatest common factor of 62257 and 533?
13
What is the greatest common divisor of 243 and 3051?
27
What is the highest common factor of 14 and 34258?
14
What is the greatest common divisor of 110 and 12020?
10
What is the highest common divisor of 31880 and 5?
5
What is the highest common divisor of 516 and 35346?
258
Calculate the highest common divisor of 419815 and 17.
17
Calculate the greatest common factor of 493168 and 96.
16
What is the greatest common divisor of 32840 and 184?
8
Calculate the greatest common divisor of 43553 and 14817.
449
What is the greatest common factor of 9116 and 42828?
172
Calculate the greatest common factor of 50 and 1000100.
50
Calculate the greatest common factor of 29078 and 2852.
62
What is the greatest common factor of 41355 and 20745?
45
What is the greatest common divisor of 12 and 18657?
3
Calculate the highest common divisor of 92808 and 1152.
72
Calculate the greatest common factor of 1672452 and 36.
36
What is the highest common factor of 92800 and 1100?
100
Calculate the highest common divisor of 52266 and 5766.
186
Calculate the greatest common divisor of 30218 and 232.
58
Calculate the greatest common factor of 8455 and 57.
19
What is the highest common factor of 81 and 14652819?
81
Calculate the greatest common factor of 2132 and 19516.
164
What is the highest common divisor of 369 and 315741?
123
What is the highest common divisor of 38942 and 4?
2
Calculate the greatest common divisor of 3358 and 5986.
146
Calculate the highest common divisor of 568269 and 975.
39
Calculate the greatest common factor of 459512 and 7100.
284
Calculate the greatest common divisor of 9 and 834681.
3
What is the highest common factor of 52621 and 1313?
101
What is the highest common factor of 2529 and 100879?
281
What is the highest common divisor of 145729 and 122?
61
Calculate the highest common factor of 9114 and 507.
3
Calculate the highest common divisor of 866 and 7821712.
866
What is the greatest common factor of 322824 and 16?
8
What is the highest common factor of 4056 and 25896?
312
Calculate the highest common factor of 9 and 4869.
9
What is the highest common factor of 4234649 and 85?
17
What is the highest common divisor of 108 and 7740?
36
Calculate the highest common factor of 12091 and 2033.
107
What is the greatest common factor of 31156 and 2?
2
Calculate the greatest common divisor of 63 and 91749.
21
Calculate the greatest common divisor of 19860 and 5820.
60
What is the greatest common divisor of 1155028 and 210?
14
What is the greatest common divisor of 1008172 and 968?
484
Calculate the greatest common divisor of 23 and 256105.
23
Calculate the highest common divisor of 76066 and 584.
146
Calculate the highest common factor of 27176 and 1501.
79
What is the greatest common divisor of 211410 and 522?
522
What is the greatest common factor of 220 and 225?
5
What is the greatest common factor of 39816 and 2968?
56
What is the highest common factor of 176646 and 6?
6
What is the greatest common factor of 19212 and 18?
6
Calculate the greatest common divisor of 5745 and 60.
15
What is the highest common divisor of 38252 and 6288?
524
Calculate the highest common divisor of 31436 and 232.
116
What is the highest common factor of 30 and 448390?
10
What is the highest common factor of 1426319 and 213?
71
Calculate the greatest common factor of 1 and 36229.
1
What is the highest common divisor of 4224 and 17391?
33
What is the highest common divisor of 93212 and 84?
28
Calculate the highest common divisor of 77701 and 4587.
139
What is the greatest common factor of 188155 and 605?
605
What is the highest common factor of 537 and 66767?
179
Calculate the highest common divisor of 2336 and 36.
4
Calculate the greatest common factor of 138 and 12374.
46
Calculate the greatest common factor of 2815 and 145.
5
Calculate the greatest common divisor of 261 and 13086.
9
Calculate the highest common divisor of 188 and 58750.
94
Calculate the highest common divisor of 190 and 2616205.
95
What is the greatest common factor of 738 and 4824?
18